e -x*r - i = -13*r. What is the greatest common divisor of 8 and r?
8
Let f(n) = -439*n**3 + 2*n**2 - n - 1. Let v be f(1). Let s = v - -615. Calculate the greatest common divisor of s and 11.
11
Let b be 0/((-4 + 0)/(-2)). Suppose -2*o + 73 - 29 = b. Suppose -7*n = -o - 27. What is the greatest common divisor of 7 and n?
7
Suppose -115*j - 276*j = -111044. Calculate the greatest common divisor of 994 and j.
142
Suppose 0*q = b + 5*q, 0 = 4*q. Suppose b = -38*j + 29*j + 1071. Calculate the greatest common divisor of 34 and j.
17
Suppose 400 = 4*v - t + 51, 3*v - 2*t = 258. Calculate the highest common divisor of v and 583.
11
Suppose 23*s = 25*s - 13*s + 616. Calculate the highest common factor of s and 3416.
56
Let c(l) = -l**2 + 8*l. Let k be c(6). Let m = 749 - 734. Suppose 0 = m*o - 112 + 22. Calculate the greatest common factor of k and o.
6
Let z be ((-744)/(-15) - -5) + -8 + 294/35. Suppose 0 = -6*a + 3*a + 66. Calculate the highest common factor of a and z.
11
Let f be (24/(-48))/((-2)/28). Suppose 29*z = 30*z - f. Calculate the greatest common factor of z and 77.
7
Let i(l) = 5*l**2 - 66*l - 782. Let m be i(-11). Calculate the greatest common factor of 45 and m.
9
Let s(q) = 188*q + 25. Let l be s(4). Suppose 16*z + l - 2393 = 0. Let d = 117 - z. What is the highest common divisor of d and 12?
4
Let d be 25*((-1)/4 - (-91)/(-4)). Let l = 587 + d. Calculate the greatest common divisor of 32 and l.
4
Let a be 0 + 3 + (4 - (4 - -2)). Let t be (-4)/(4/(-19))*a - 2. Let q be (-34)/(-119) + (-607)/(-7) + -2. Calculate the greatest common factor of q and t.
17
Suppose 89*h + 21*h - 1824 = 34*h. Calculate the greatest common factor of 1704 and h.
24
Let y = 19 - -3. Let v(m) = -2*m + 151. Suppose -2*n = 4*g - 44, 3*g = -4*n + 81 + 17. Let f be v(n). What is the highest common divisor of y and f?
11
Let m(j) = -9*j**3 + 28*j**2 + 48*j - 138. Let z be m(3). Calculate the greatest common factor of z and 14205.
15
Suppose 3*v - 506 = y, 2*v - 11*y + 12*y - 334 = 0. What is the greatest common factor of 16 and v?
8
Let m(n) = 23*n - 220. Let f be m(10). Calculate the greatest common factor of 590 and f.
10
Let x = -13688 - -14597. Calculate the highest common divisor of x and 13332.
303
Let j(p) = -2*p**2 + 10*p + 19. Let m(o) = 2*o - 29. Let s be m(-20). Let q = -63 - s. Let h be j(q). What is the highest common factor of h and 49?
7
Let q(i) = -14*i - 2. Let b be q(-5). Let c be (8/(-18)*216/(-168))/((-1)/(-35)). What is the highest common divisor of c and b?
4
Let a be 2/(15/6*1/5). Suppose 2*i - 2*k = 3 - 1, 2*i = a*k. Let o be (i/(-6))/((-3)/396). What is the greatest common divisor of 11 and o?
11
Suppose 5*h + 1530 = 2*t, t + 6*h - 10*h = 759. Calculate the highest common factor of 75 and t.
25
Let s = 73 - -807. Let r = 25 + -15. What is the greatest common factor of r and s?
10
Suppose 567*f = 624*f - 628197. What is the highest common divisor of 428 and f?
107
Let p be ((-69)/(-6))/(210/368340). What is the greatest common factor of 23 and p?
23
Suppose 1732 = 20*x - 648. Suppose -9*p = -169 - x. Let l be 1/((-12)/(-256)*8/108). What is the highest common factor of p and l?
32
Let a(r) = 17*r + 717. Let m be a(-21). Calculate the greatest common factor of m and 20.
20
Let u = -54 + 700. Suppose -66*s = -7246 + u. Suppose 2*l - 100 = -5*i, -3*l = -i - 3*i - 150. Calculate the greatest common factor of s and l.
50
Let r(l) be the first derivative of l**3/3 - l**2/2 - 255*l - 45. Let s be r(21). Calculate the highest common divisor of s and 15.
15
Let b be (-10)/35 - (-4202)/7. Suppose -5*f - b = -3*n - 10*f, 2*n + f = 400. Suppose 14*a = -7*a - 540 + 1065. What is the greatest common divisor of n and a?
25
Suppose 0 = -68*c - 8 + 960. Suppose -4*k + 295 + 321 = 0. What is the highest common divisor of k and c?
14
Let c be (1 - 28/12)*(-3)/2. Suppose -3 = -c*s + 27. Suppose 72 = 3*n - s. Calculate the highest common factor of n and 232.
29
Suppose -5*c = 3*l - 289, -l - c = -0*c - 97. What is the highest common factor of 9506 and l?
98
Let t be ((-4)/5)/((-3089001)/(-140410) - 22). Calculate the highest common divisor of 8 and t.
8
Suppose -624*r + 727012 = -173*r. Calculate the greatest common factor of r and 39.
13
Let a = -5482 + 5895. What is the highest common divisor of a and 1062?
59
Let u(p) = -24*p + 427. Let c be u(15). Calculate the greatest common divisor of c and 1206.
67
Let u = -1628 - -1632. Suppose -5*x + 0*x = 0. Suppose -3*p + 703 = 2*w, -5*w + 949 = -x*p + u*p. What is the highest common factor of p and 21?
21
Let o be (-2)/(-10) - ((-20295)/(-25))/(-11). Suppose 6*u + 3*f - 252 = 2*u, 2*f + o = u. What is the greatest common divisor of 528 and u?
66
Let u(t) = 294*t - 390. Let y be u(2). Calculate the highest common divisor of 126 and y.
18
Let y(n) = n**3 + 23*n**2 + 106*n + 2956. Let u be y(-23). What is the greatest common divisor of 1400 and u?
14
Let w be (-36)/15 + 2 - (-1694)/35. Suppose 7*l = -l + w. Suppose -13 - 11 = -2*a. Calculate the highest common divisor of a and l.
6
Let w(m) = m**3 + 6*m**2 - 5*m + 14. Let g be w(-7). Let c = 6 - g. Let n(q) = q + 11. Let z be n(c). What is the greatest common divisor of 187 and z?
17
Suppose 1309 + 379 = 2*w. Calculate the greatest common factor of 4 and w.
4
Suppose 0 = -5*i + 4*z + 25 + 30, i - 3*z = 0. Calculate the highest common factor of 365 and i.
5
Let r be ((-2)/12*-10)/((-45)/(-135)). Let i be r - (0 + -5 + -1). Calculate the highest common factor of i and 176.
11
Let u be 0 - 8/(-2) - 2. Suppose 0 = -10*r - 228 - 72. Let v be u/(2/(-12)*9/r). Calculate the highest common divisor of v and 60.
20
Let k(f) = 13*f + 1. Let u be k(3). Suppose 2*r - 6*r + 3*n + 604 = 0, 2*r - 302 = -4*n. Let s = r - 141. What is the greatest common divisor of s and u?
10
Suppose 33*i - 45*i = -48. Suppose -4*v - 8 + 56 = 0. Suppose 4*y - 58 = -3*c, 0*c = -2*c + i*y + v. Calculate the highest common factor of 70 and c.
14
Let t(v) = 20*v**2 - 9*v + 26. Let f(h) = -h**2 - 5*h + 1. Let z be f(-4). Let a be t(z). Calculate the highest common divisor of a and 74.
37
Suppose -5*l + 4*z = 6, 5*l - z = -0*z + 6. Let s(y) = 19*y - 2. Let o be s(l). Suppose 4*d = 40 + o. Calculate the greatest common factor of 152 and d.
19
Let w(l) = 16*l + 3*l - 40*l**2 - 6*l + 49*l**2. Let z be w(-4). Calculate the highest common divisor of 1012 and z.
92
Suppose 0 = 4*x - 4*h - 272, -4*x + 67 = -3*h - 200. Let u be 2704/50 - 14/175. Let p be (24/(-18))/((-8)/u). What is the highest common divisor of p and x?
9
Suppose -107*k - 4*j = -114*k + 66, -2*k - 3*j = -23. What is the greatest common factor of k and 3140?
10
Let o = -1367 - -2026. Let l = o - 617. Suppose 4*h = -5*i + 107, -4*h + 4*i - 13 = -129. Calculate the highest common factor of h and l.
14
Let r be (-2)/3 + 53025/(-315). Let g = 1 - r. What is the greatest common divisor of 17 and g?
17
Let h(t) = 2*t**2 - 3. Let r be h(3). Suppose 2*i - 5*i = -r. Suppose 6*d = i*d + 3. What is the highest common factor of d and 2?
1
Suppose 17385 + 7959 = 151*x - 14671. Calculate the highest common divisor of 5 and x.
5
Let a be (7/(-2))/(1/(-2)). Suppose 3*r - 195 - 88 = 4*i, i = r - 90. Calculate the greatest common divisor of r and a.
7
Suppose 3*b = -2*y + 1348, -20*y + 19*y - 4 = 0. Let r = -296 + b. What is the greatest common factor of 12 and r?
12
Suppose 0*b + 4*b = 16. Suppose 21*k = b*k + 1122. What is the greatest common factor of 33 and k?
33
Let r be (-1 - 2540)/(-234 + 231). Calculate the greatest common factor of r and 7.
7
Suppose -2*q - 5*o + 28276 = 0, -28237 = 4*q - 3*o - 84685. What is the highest common divisor of 39 and q?
39
Let q(k) = 4*k**2 - 33. Let b be q(3). Suppose 63 = 2*x - b*w, -19*x + 15*x + 114 = -2*w. Calculate the highest common factor of x and 90.
9
Let k(c) = 2*c - 6. Let u be k(4). Let d(j) = 54*j**2 - 6*j - 4. Let p be d(u). Suppose -43 = 4*m - 123. Calculate the highest common factor of p and m.
20
Let v = 10 - -9. Suppose 330 = 24*d - v*d. Suppose -88 = -2*n + 2*j + 2*j, 5*j = 3*n - 132. Calculate the greatest common factor of d and n.
22
Let p(b) = -8 + 2*b + 0 - 4 + 0. Let n be p(7). Suppose -n*j = 6, -5*j - 55 = -s - 3*s. Calculate the highest common factor of 4 and s.
2
Let w(o) = o - 10. Let t be w(6). 